Determine w(g).
-4
Let b(j) = -j**2 + 4*j. Let u be 2*(-3)/8 + 157/(-4). Let l = u - -43. Determine b(l).
3
Suppose -3*b = -2*g - 5, -4*b = 4*g + b + 43. Let p(o) = 1 - 61*o**2 + 7 - 5*o + 60*o**2. What is p(g)?
-6
Let q(c) = -6*c + 3. Suppose -5*n - 4*g + 0 = -8, n + 2 = g. Suppose -j = -n*j - 13. Suppose 8*a - 3*a = v + 7, v - j = -5*a. Give q(a).
-9
Let h(c) = -4841*c**3 + 2424*c**3 + 3*c**2 + 4 + 2416*c**3 - 3*c. Calculate h(3).
-5
Let g(m) be the third derivative of 1/120*m**6 - 1/10*m**5 + 0*m - 1/3*m**4 + 0 - 24*m**2 + 5/3*m**3. What is g(7)?
3
Suppose 3*n - 15 = -n - 3*l, -4*n + 7 = -5*l. Suppose 2*s + 0*s = 4, -2*s = -n*c - 28. Let u be ((-5)/20)/(2/c). Let i(y) = y + 1. What is i(u)?
2
Suppose 0 = -5*v - 10, 0*v - 3 = -i - 3*v. Let z(r) be the third derivative of 0 - i*r**2 - 1/60*r**5 + 5/24*r**4 + 0*r + 3/2*r**3. Calculate z(7).
-5
Let x(d) be the second derivative of 1/3*d**3 + 0 + 1/2*d**2 + 2*d. Determine x(2).
5
Let s(f) = -f**2 + 2*f - 25 - 2*f**3 + 7 + 19. What is s(2)?
-15
Let d(n) = -5*n**2 + 3*n + 8. Let k(c) = 3*c**2 - 2*c - 3. Let q(t) = -2*d(t) - 5*k(t). Determine q(2).
-13
Let t(x) = x**2 - x - 4. Let l be t(0). Let p(m) be the second derivative of -5/2*m**2 - 1/6*m**4 + 0 - 7/6*m**3 + 3*m. Give p(l).
-9
Let k(p) = -p**3 - 4*p**2 + 9*p + 2. Let l = 28 + -17. Let x = 25 + l. Suppose u = -5*m - 21, 3*m = -5*u + m - x. Give k(u).
20
Let f(a) = -4*a**2 - a - 1. Let i be 63/6 - (-2)/(-4). Let t be (5/i)/(1/(-6)). Let c be t + 4 - (-3 + 5). Calculate f(c).
-4
Let f(n) = 4*n**3 - 2*n**2 + 3*n + 16. Let p(v) = 5*v**3 - 3*v**2 + 4*v + 16. Let m(g) = -4*f(g) + 3*p(g). Let u(h) = -9*h + 45. Let z be u(5). Determine m(z).
-16
Let q(m) be the second derivative of m**5/60 + m**4/8 - 19*m**2/2 - m. Let w(f) be the first derivative of q(f). Calculate w(-3).
0
Let y(z) be the third derivative of z**6/120 - z**5/20 - z**4/24 - 7*z**3/6 - 25*z**2. Determine y(3).
-10
Let g(x) be the first derivative of -2 + 4*x - 3/2*x**2. Suppose -5*k + w = -w - 21, -w + 6 = 3*k. What is g(k)?
-5
Let r(t) = 5 + 2*t - 5. Let j be 76/(-32) - (-51)/136. What is r(j)?
-4
Let x(s) = 4*s - 2. Let z(l) = 11*l - 8. Let h(g) = -8*x(g) + 3*z(g). What is h(-8)?
-16
Let o(c) be the first derivative of -c**5/60 - c**4/8 - 2*c**3/3 - 3*c**2/2 + 1. Let x(g) be the second derivative of o(g). Let y = 247 + -251. Give x(y).
-8
Let p(h) = 761*h - 753*h + 0 - 1 + 2. Calculate p(-2).
-15
Let z = 20 - 14. Let r = z + -4. Let i(d) = 2*d**2 - d + r*d - 3*d + 2. Give i(3).
14
Let y(t) be the second derivative of -t**5/20 - 3*t**4/4 - 5*t**3/3 - 8*t**2 - 345*t. Calculate y(-8).
0
Let i(z) = -2*z**2 + 2*z**2 - 7 + 6*z + z**2. Suppose l + 4 = 0, -6 - 10 = 4*s - 2*l. Determine i(s).
-7
Let l(f) = f**3 - 4*f**2 + f + 1. Let y be 5 - ((-35)/7 + 6). What is l(y)?
5
Let l(p) = p**2 + 5*p + 4. Suppose 0*r = -4*r + 16. Suppose 0 = -y + 3*j - 10 + r, -32 = -3*y - j. Suppose 2*n + 3 = -y. What is l(n)?
10
Let t(m) be the first derivative of -m**5/20 - m**4/2 - m**3 + 21*m - 21. Let b(s) be the first derivative of t(s). Determine b(-5).
5
Let n(r) = -2*r + 11. Let f be n(9). Let u(o) be the second derivative of -o**4/12 - o**3 + 9*o**2/2 + 20*o. What is u(f)?
2
Suppose -3*s - 38 + 35 = -4*u, -u + 3*s = 6. Let a(z) = 7*z - 2. What is a(u)?
19
Suppose -2*d + 3 = z, z - 51 = -3*d - 47. Let p(j) = 36*j**2 + j - 1. What is p(z)?
36
Let g be -3*(-28)/63 - 3/(-9). Let r(b) be the first derivative of 5*b + 7/2*b**2 - 1/4*b**4 - g*b**3 + 5. Give r(-6).
-1
Let d(n) = n - 15. Let t be d(14). Let r(z) = 4*z - 6. Let h(p) = 1. Let k(v) = t*r(v) - 6*h(v). Determine k(-2).
8
Let x(t) = 10*t**3. Let v = -300 + 301. What is x(v)?
10
Let t be (-2)/6 + (-28)/(-12). Suppose 0 = -5*s + 10, t*g - g + 4*s - 9 = 0. Let u(x) = -14*x**3 + x. Calculate u(g).
-13
Let x(m) = -5. Let w(l) = -27. Let p(f) = -2*w(f) + 11*x(f). Let k(o) = o - 2. Let d(u) = 4*k(u) - 5*p(u). What is d(-4)?
-19
Let y(i) = -4*i**2 + 2*i - 13. Let v(w) = 6*w**2 - 3*w + 23. Let c(j) = 4*v(j) + 7*y(j). Determine c(-3).
-41
Let g(t) = 7*t - 1. Let f(i) = -469 + 3*i + 469. Let b(x) = -5*f(x) + 2*g(x). Let p be (-1 + 0/(-2))*2. Give b(p).
0
Let s(b) = -2*b + 1. Let q(z) = 10*z - 5. Let w(j) = -q(j) - 4*s(j). Give w(0).
1
Suppose 13*f - 6*f = 5*f - 10. Let m(q) = -q**3 - 8*q**2 + 4*q - 11. Let h(s) = -3*s**3 - 23*s**2 + 12*s - 32. Let g(r) = -4*h(r) + 11*m(r). Determine g(f).
2
Let d(b) = 2*b - 2. Let z be 9/(-6)*22/33. Calculate d(z).
-4
Let m be ((-5)/(-4)*4)/(1/13). Let i = m - 66. Let g(o) = -4 + 3*o + 2 + 3. Determine g(i).
-2
Let d(s) = -s**2 + 45*s - 397. Let g be d(33). Let o(t) = -3*t**2 + t. Determine o(g).
-4
Let d = -185 - -192. Let t(j) = j**2 - 8*j + 3. Determine t(d).
-4
Suppose 0 = 2*f - k + 7, 4*f + 0*k + 20 = 4*k. Let o(v) = -v**2 + 8*v - 4. Let z be o(7). Let a(x) = 6*x + 2*x**z - 7*x - 1 + 3 - x**3. Calculate a(f).
-4
Let d(p) = 5*p**3 - 2*p**2 - 12*p + 17. Let h(w) = -11*w**3 + 2*w**2 + 23*w - 35. Let j(z) = -9*d(z) - 4*h(z). Calculate j(11).
42
Let i(s) = s + 4. Let c(h) = -h**2 - 8*h - 12. Let b(o) = -o**2 + 4*o + 6. Let j be b(6). Let f be c(j). Give i(f).
4
Let g(j) = j - 2. Let s be g(5). Let v(c) = 2*c - 8. Let d(r) = 3*r - 16. Let x(q) = s*d(q) - 5*v(q). Determine x(0).
-8
Let n be 2/(-2) + (8 - (-3 + 5)). Let x(v) = -v**2 + 3*v + 7. Calculate x(n).
-3
Suppose 67*v = 74*v + 21. Let r(a) = 4*a**3 + 4*a**2 - a**3 + 0*a**2 + 9. Let y(n) = -n**3 - n**2 - 3. Let f(p) = v*r(p) - 8*y(p). What is f(-3)?
-12
Let x(q) be the third derivative of q**4/24 - 7*q**3/6 + q**2. Let f = 2982 + -2977. What is x(f)?
-2
Let j(a) = a**3 - 8*a**2 + 6*a + 5. Let l(v) be the first derivative of v**4/4 - 8*v**3/3 + 3*v**2 + 6*v - 13. Let o(r) = -3*j(r) + 4*l(r). What is o(7)?
2
Let s(h) = 44*h**2 - 24*h**2 - 21*h**2 + 4*h - h**3. Calculate s(-3).
6
Let q(f) = -18*f**2 - 13 + 0*f + 0*f - f**3 - 12*f - 6*f - f. What is q(-17)?
21
Let w(c) = 0*c**3 + 14*c**3 - 75*c + 1 + 77*c + 6*c**3. Determine w(-1).
-21
Suppose 106*m = 103*m. Let h(j) = -j**2 + j - 27. Calculate h(m).
-27
Let j = 8 + -8. Suppose j = 4*h - 2*h + 8. Let f(t) be the first derivative of t**4/4 + 4*t**3/3 - 5*t**2/2 - 8. Calculate f(h).
20
Let u = 251 + -242. Let a(r) = r - 18. What is a(u)?
-9
Let b(d) = -d**2 - 7*d + 9. Suppose -12 = -4*n - 16. Let p be (-13 + n)/(-6 - -8). Calculate b(p).
9
Let x(z) be the first derivative of -3*z**2 - 5*z**2 + 1 + 6*z**2 - 7. What is x(-2)?
8
Let c(j) be the third derivative of 0 + 1/60*j**5 + 0*j + 5/24*j**4 + 27*j**2 + 1/6*j**3. Calculate c(-6).
7
Let x(d) = 2*d**2 - 5*d + 21. Let n(w) = -w**2 + 3*w - 10. Suppose -t = -5*q + 28 + 6, 5*q + 5*t = 40. Let z(f) = q*n(f) + 3*x(f). Calculate z(6).
-7
Let u(t) be the first derivative of 1/4*t**4 + 9 + t - 2*t**2 - t**3. Suppose 2*d + 4*m = 20, 4*d - 4 = 3*m + m. Determine u(d).
1
Let f = 2 + 1. Let z = 18 + f. Let i = 27 - z. Let p(y) = -y**3 + 6*y**2 - 2*y + 7. Give p(i).
-5
Let h be 6*(1 - (-15)/(-9)). Let d(z) = -3*z**3 + 4*z**2 + z - 9. Let j(u) = -4*u**3 + 4*u**2 + 2*u - 10. Let t(x) = -5*d(x) + 4*j(x). Determine t(h).
-7
Let n(g) = -5*g - 1. Let o be n(-1). Let i be 3 + 4/(-2 + o). Let h(p) = 7*p - i + 4 + 2 + p**2. Calculate h(-5).
-9
Let n(i) be the first derivative of -3/2*i**4 - 3 - i + 0*i**2 + 1/3*i**3. Let q be (-29)/((-2436)/(-72)) + (-1)/7. Determine n(q).
6
Let p(r) = -2*r - 1. Suppose 0 = 2*x - 12 + 4. Let z(j) be the third derivative of -j**6/120 + j**5/15 - 5*j**3/6 + 22*j**2 + 2. Let t be z(x). Give p(t).
9
Let v(j) be the second derivative of j**5/60 + j**4/6 - 27*j**2/2 + 31*j. Let n(s) be the first derivative of v(s). Calculate n(-4).
0
Let z(b) = -9911 + 9923 - 2*b + b. Determine z(0).
12
Let h be (15 - (-1 - -1 - -1))/2. Let u(a) = -a + 0*a + 5 - h - 2. Determine u(-3).
-1
Let i(p) = -17*p + p**2 + 10 + 24*p + p. Calculate i(-7).
3
Let t(s) be the second derivative of 7/6*s**3 + 1/12*s**4 + 0 - 1/2*s**2 + 25*s. Calculate t(-7).
-1
Let l = -21 - -26. Let p(x) = 4 + l*x**2 - 2 + 2*x**2 - 6*x - 6*x**2. Calculate p(5).
-3
Let m be 6/(2 - 4)*4/(-6). Let n(w) = -8*w + 8. Suppose 1 - 5 = -k, 5*u + 4*k = -104. Let a(v) = -39*v + 39. Let r(s) = u*n(s) + 5*a(s). What is r(m)?
-3
Suppose -12*a + 181 - 121 = 0. Suppose 2*i - 3 - 9 = 0. Suppose a*c - 10 = -i*u + u, -5*c - 50 = -5*u. Let 